3 + -1. Let w = -10 - h. Is y(w) prime?
False
Let j = -39 - -39. Suppose -4*w = -2*w - 296. Suppose j = -3*x + 131 + w. Is x composite?
True
Suppose 4*m + 353 = d + 4*d, -3*d = 2*m - 203. Is -3 + d + (1 - 0) a composite number?
False
Suppose 8 = -w - 3*p, -4*w = -2*p + p - 20. Suppose -2*x + 341 - 77 = 2*z, w*z + 2*x - 518 = 0. Is z a composite number?
False
Let i(b) = -2*b + 13. Let f(s) be the second derivative of s**3/3 - 13*s**2/2 - 2*s. Let c(h) = -4*f(h) - 3*i(h). Is c(-10) a composite number?
True
Suppose p - 3261 = -2*p. Is p a prime number?
True
Suppose -5*t = 2*v + v + 4099, -t + 2*v = 812. Let w = t - -1237. Is w a prime number?
True
Let w = 342 + -201. Is w a prime number?
False
Let p = 806 + -425. Is p a composite number?
True
Suppose 3*q = 2*s + 14, 4*q - 3*s - 14 = 2*s. Suppose -3*a = -3, -q*v + 2*v = -2*a - 762. Is v a composite number?
False
Let p = 1 + -1. Let y = 4 - p. Let t = y - -2. Is t a prime number?
False
Let y(w) = -3*w**3 + 5*w**2 + 2*w + 6. Let r(d) = -4*d**3 + 5*d**2 + 3*d + 6. Let l(n) = 2*r(n) - 3*y(n). Let o be l(5). Is ((-273)/o)/(2/4) prime?
False
Suppose 7*h - 298 = 5*h. Is h a prime number?
True
Let n = 94 - 8. Is -1 + (1 - 1) + n prime?
False
Suppose 3*q + 1758 = 9*q. Is q prime?
True
Suppose 5*o - 1281 - 2479 = 0. Suppose 0*s - 4*s = o. Let a = -75 - s. Is a composite?
False
Let d = -392 - -660. Let p = 479 - d. Is p prime?
True
Is (7 - 9)/((-4)/194) prime?
True
Suppose 3*q + 756 = -q + 4*y, -q - 5*y = 207. Let u be q/(-14) + (-4)/(-14). Suppose 0 = -3*n + 2*n + u. Is n a prime number?
False
Suppose 0 = 4*u - c - 82 - 139, -105 = -2*u - 5*c. Is u a prime number?
False
Suppose 3*g = 3*a - 24, -4*a - 4*g + 4 = -4. Suppose -4*d - a*j + 71 = -26, -4*d + 3*j = -89. Is d composite?
False
Let f(i) = -i**2 + 7*i - 3. Is f(5) a prime number?
True
Suppose -5*o = -4*o - 27. Let g = 104 - o. Is g composite?
True
Suppose k - 6*k + 3*m + 2504 = 0, -3*m - 2005 = -4*k. Is k a composite number?
False
Let k(d) = 4*d**2 - 3*d - 3. Let l be k(3). Let f(u) = -u + 14. Let v be f(0). Let x = l - v. Is x prime?
False
Suppose -5*w = 789 - 3164. Suppose 3*m - w = -3*i + 7*m, -4*i = 3*m - 625. Is i a prime number?
True
Let l(v) = v**3 + 3*v**2 + v. Let a be l(-1). Let k(d) be the first derivative of 8*d**4 + d**2 - d - 4. Is k(a) composite?
True
Let p be 4/(-10) + (-614)/(-10). Let z be 2/(-7) - p/7. Let l(h) = h**2 + 6*h + 4. Is l(z) prime?
True
Let m(h) = h + 142. Is m(0) prime?
False
Let f(o) = -23*o - 5. Let t(k) = -22*k - 4. Let q(d) = 5*f(d) - 6*t(d). Suppose 5*z = -4*g + 14, g + 1 = -2*z + 6. Is q(z) composite?
True
Let v(z) = z**3 - 2*z**2 + 3. Is v(4) composite?
True
Suppose -l = -2*t - 1, 3*l - 2*t = 1 + 10. Suppose 0 = -0*j + 4*j - 44. Suppose j = g + y + y, 0 = -l*y. Is g a composite number?
False
Let k(q) = -q**2 + 10*q + 3. Let p be (3/1)/(9/24). Is k(p) a composite number?
False
Suppose 0 = 2*h, 4*d + 23 = -h + 111. Is d composite?
True
Let v(o) = 91*o + 1. Let q be v(-1). Let u = -38 - q. Suppose -u = -3*d + 95. Is d a prime number?
False
Let s(a) be the second derivative of -a**4/12 - 2*a**3 + 2*a**2 - 2*a. Let k be s(-12). Suppose 0*m = k*m - 1676. Is m prime?
True
Suppose -4*t - 33 = 3*y, 4*t - t + 44 = -5*y. Suppose 0*b = 3*b - 42. Let w = b + y. Is w composite?
False
Let w(a) = a**2 - 2. Let u be w(3). Let c(h) = 4*h - 9. Is c(u) a prime number?
True
Let n = 1974 - 443. Is n a composite number?
False
Let o(a) = 151 - 3*a + 150 + 118 - 12. Is o(0) a prime number?
False
Let s(a) = 31*a - 3. Let g be 8/(3/((-9)/(-6))). Is s(g) a composite number?
True
Suppose -b + 18 + 18 = 0. Is 3*4/(b/213) a composite number?
False
Suppose 5*r = -4*t + 80, -5*t + 48 = -t - 3*r. Let j = t + 23. Is j a prime number?
False
Let l be 68/12 - (-4)/(-6). Suppose -3*b + 67 = l*s - 889, -s + 4 = 0. Let g = b - 219. Is g a composite number?
True
Suppose -4436 = -5*m - 5*u + 284, -3781 = -4*m - 3*u. Is m a composite number?
True
Let c(v) = -v**2 - 8*v + 10. Let u be c(-9). Is -3 - -2 - (-3 - u) a prime number?
True
Let c(p) = 22*p**3 + 1. Let y be ((-1)/3)/(2/(-18)). Let t(z) = -z**3 + 3*z**2 + 1. Let k be t(y). Is c(k) a prime number?
True
Suppose 3*b + u - 7 - 6 = 0, -4*u + 28 = 4*b. Suppose 117 = l - b*h, 0 = -2*l - 0*l - 5*h + 212. Is l prime?
False
Suppose q - 783 = -196. Is q composite?
False
Let f(n) = -n**3 - 4*n**2 + 5*n + 3. Let z be f(-5). Suppose y + 1 = z. Is y - 1 - (-5 - 1) a composite number?
False
Let k = 45 + 10. Is k prime?
False
Let h(q) = -q**3 + 4*q**2 - 5*q + 3. Let o = -7 - -10. Let z be h(o). Let v(d) = -11*d + 4. Is v(z) a prime number?
True
Let d be 274/(-10) - (-2)/5. Let j be (24/(-9) - -2)*144. Let k = d - j. Is k a prime number?
False
Let n be ((-38)/6)/(6/(-162)). Suppose -52 = -w + n. Is w composite?
False
Let q(i) = -i**2 - 17*i + 11. Is q(-14) composite?
False
Let z = -3 - -3. Suppose z = -0*h - 2*h + 406. Is h a prime number?
False
Let r(d) = d**3 - d**2 + 5*d + 2. Let t be r(5). Suppose 3*a - 896 - t = 0. Is a composite?
True
Let p = 1 - 2. Let n(h) = -45*h**3 + h**2 - 5*h + 5. Let q(y) = -y**3 + y - 1. Let g(c) = n(c) + 5*q(c). Is g(p) prime?
False
Suppose 7*f = 11*f - 6244. Is f a prime number?
False
Suppose -11 = -0*n - n + 2*q, 0 = n - 4*q - 21. Suppose 69 = -2*p - n. Is p/(-1)*(-5 - -6) a prime number?
False
Suppose 0*j + 24*j - 18024 = 0. Is j a prime number?
True
Let j(d) = 84*d**3 + 2*d - 1. Let f be j(1). Suppose 15 + f = 4*l. Is l a composite number?
True
Let q(s) be the second derivative of -26*s**3/3 + s**2 - 2*s. Let d(c) = 103*c - 5. Let t(n) = 3*d(n) + 5*q(n). Is t(4) prime?
True
Let x = -50 - -15. Let n(v) = 24*v**2 + 3*v - 2. Let t be n(2). Let s = t + x. Is s a prime number?
False
Suppose -2*b - 2*u = b + 340, 0 = 3*b + 5*u + 355. Let y = 81 - b. Is y a prime number?
True
Suppose -4*q + 2949 = -q. Is q a prime number?
True
Suppose -6*n + 16 = -2*n. Suppose n*q = 2*m - 10, 5*m - q = 2*m + 20. Is m*(-6)/2*-1 a prime number?
False
Let k = 505 - -228. Is k a prime number?
True
Suppose u - 7 = v + 48, 4*v = -u - 205. Let p = -19 - v. Is p prime?
False
Let q be (-14)/18 - (-2)/(-9). Let v = -1 - q. Suppose u - 10 = -v. Is u composite?
True
Suppose 1461 = 2*o + o. Is o a composite number?
False
Let l be 33/(-2)*(2 - 12). Suppose -4*w + w + l = 0. Is w a prime number?
False
Let g = 495 + -116. Is g a composite number?
False
Let f(q) = -4*q - 1. Is f(-8) a composite number?
False
Let j(x) be the second derivative of -x**5/20 - 7*x**4/12 + x**3/2 - 5*x**2/2 - 3*x. Let k be j(-7). Let f = -4 - k. Is f composite?
True
Suppose u - 128 = -2*h - 32, -2*h - 4*u = -102. Suppose l = 3*w + h + 32, 2*w = 5*l - 460. Is (-2)/(-2)*(l + -3) composite?
True
Suppose 2*m - m - 3 = 0. Is m prime?
True
Let h = -2607 + 4924. Is h a composite number?
True
Let a(f) = -f**3 - 2*f**2 + 2. Let p be a(-2). Is (1347 - (-4 + 5))/p prime?
True
Let d(l) = l**2 + 47. Let j(k) = k**3 + 3*k**2 + 3*k + 1. Let a be j(-2). Let r = -1 - a. Is d(r) a prime number?
True
Let m = 38 - -45. Is m a prime number?
True
Is (15/30 + 117/2)*3 prime?
False
Let z(d) = -d**2 + 7*d + 2. Let f be z(7). Let m(s) = 8*s - 9*s - f + 14*s. Is m(3) a composite number?
False
Let u = -3 + 2. Let o(w) = 13*w**2 + 6*w + 5. Let n(b) = -27*b**2 - 13*b - 11. Let l(c) = 6*n(c) + 13*o(c). Is l(u) prime?
False
Is (-3)/((-6)/1910) + 0 composite?
True
Let w = 6 - -3. Is 3714/w - 1/(-3) a composite number?
True
Let j(f) = -5*f**2 - 7*f - 3. Let a be j(-8). Is (-2)/5 - a/5 composite?
False
Is ((-157)/2)/((-2)/4) a composite number?
False
Let a = 926 - 509. Is a a composite number?
True
Let r(v) = -v**3 - 7*v**2 + v - 3. Let n(f) = -f**3 + 9*f**2 - 8*f - 8. Let q be n(8). Is r(q) prime?
True
Let q(m) = -m**3 - 9*m**2 - 5*m - 3. Let i be q(-6). Let p = -44 - i. Is p prime?
True
Let v = 52 + -6. Let y = 79 - v. Is y a composite number?
True
Let c be (-2)/(-6) + (-10)/3. Let a = 1 - c. Is 14/a*(2 - -2) prime?
False
Is 1/(1*(-2)/(-298)) a composite number?
False
Suppose -5*f = -10*c + 5*c + 35, -4*c - 17 = 5*f. Suppose 3*i - i - 5*y - 7 = 0, -c*i = 2*y - 28. Is i composite?
False
Suppose -1447 = -3*s + 2*i, s = -4*i + 108 + 351. Is s composite?
False
Let i(s) = 2*s**2 + 15*s + 32. Is i(-25) a prime number?
True
Let x(z) = 47*z - 9. Is x(16) composite?
False
Suppose 0